 - 734 = 5*n - 5*v. Let w = -94 - n. What are the prime factors of w?
2, 5
Let l be (1 - -1)*11/(-2). Let n = l - -13. Suppose h - n*h = -14. List the prime factors of h.
2, 7
Let v(a) = 7*a + 2. Let g be v(-2). Let w be (g/(-9))/((-4)/(-9)). Suppose 4 = y + w*c + 12, 0 = -2*y - c + 9. What are the prime factors of y?
7
Suppose 3*s - 3*t = 2844, -5*s + 4740 = -0*s - 2*t. What are the prime factors of s?
2, 3, 79
Suppose -3105 + 9603 = 6*h. What are the prime factors of h?
3, 19
Suppose -i + 112 = z, 2*i - 335 = -5*z + 2*z. Suppose 5*y = 169 + z. What are the prime factors of y?
2, 7
Suppose -a = -2*u - 2*u + 393, -2*u = -2*a - 204. What are the prime factors of u?
97
Let x(l) = 7*l**3 - 7*l**2 - 28*l + 1. Let d(q) = -4*q**3 + 4*q**2 + 14*q - 1. Let o(t) = -5*d(t) - 3*x(t). What are the prime factors of o(-6)?
2, 5, 17
Let i be (-14)/63 - (-92)/9. Let q(r) = -r - 8. Let k be q(-6). What are the prime factors of i/(-8)*8*k?
2, 5
Let h(w) be the second derivative of -3*w**3/2 + 26*w**2 + 31*w. What are the prime factors of h(4)?
2
Let k(d) = -816*d + 147. What are the prime factors of k(-2)?
3, 593
Suppose 0 = 29*r + 37*r - 106854. List the prime factors of r.
1619
Let z(g) = -190*g + 389. List the prime factors of z(-17).
7, 11, 47
Suppose -2*b + 939 = 3*y, 2*b + 2*y = -0*y + 938. What are the prime factors of b?
2, 3, 13
Suppose -5*p - s = -4*p - 111, -3*p - 4*s = -335. What are the prime factors of p - 2 - (-3 - 1)?
3, 37
Let d = 2672 - 759. What are the prime factors of d?
1913
Suppose 2*h + 3*h = 0. Suppose -i + 4*c + 78 = h, -2*i - 201 = -5*i + c. What are the prime factors of i?
2, 3, 11
Suppose -j = 5*c - 12, -3*c + 2*j + 2 + 0 = 0. Let h be (18/30)/(c/10). Suppose 52 + 32 = h*t. What are the prime factors of t?
2, 7
Suppose 4*h + 32 = 12. Let p(v) = -v**2 - 6*v - 4. Let a be p(h). List the prime factors of a/4 + (-396)/(-16).
5
Let j = -117 - -177. Let k = j - -5. List the prime factors of k.
5, 13
Suppose 10*h + 13*h = 22632. List the prime factors of h.
2, 3, 41
What are the prime factors of ((-291)/(-9))/((-6)/(-216))?
2, 3, 97
Let d(h) = 2*h**3 - 7*h**2 + 2*h + 9. List the prime factors of d(10).
3, 443
Suppose 0 = -4*j + 7*j - 42. Let t = 18 - j. Suppose -2 - 11 = -3*g - 2*l, 0 = -g - l + t. What are the prime factors of g?
5
Let j be (-9883)/(-6) - (-2)/(-12). What are the prime factors of ((-1)/3)/((-9)/j)?
61
Suppose 5*p + 40 = -30. Let l = p - -120. What are the prime factors of l?
2, 53
Suppose 1421 = 8*s - 1363. Suppose 524 + 376 = 5*d - 5*y, 5*y + s = 2*d. What are the prime factors of d?
2, 23
Let v(x) = 18*x**3 - 3*x - 5. Let w be v(3). Suppose w = -8*s + 12*s. What are the prime factors of s?
2, 59
Let h = 13 + -9. What are the prime factors of h/(-4)*(-2 + -65)?
67
List the prime factors of 31/(1085/(-2226))*(-125)/5.
2, 3, 5, 53
Suppose -5*m = 12686 + 4314. Let d = m - -1414. What are the prime factors of d/(-42) - (-2)/(-7)?
47
Let p(s) be the third derivative of 0 - s**3 + 0*s + 1/2*s**4 + s**2. What are the prime factors of p(4)?
2, 3, 7
Let x = 12 - 54. Suppose -5*v + 16 = 4*y, -6 = -3*v - 18. What are the prime factors of (x/8)/(y/(-48))?
2, 7
Let u(i) = 38*i**2 - i. Let b(g) = -g**2 + g - 1. Let k(o) = 5*o**2 + 8*o - 10. Let m(w) = -4*b(w) - k(w). Let t be m(-13). List the prime factors of u(t).
37
Suppose 0 = 2*f - 2*v - 1782, 0*f = 2*f - 4*v - 1792. What are the prime factors of f?
2, 443
Suppose -3*m - 2*s - 416 = 0, 15 = -s + 4*s. Let d = -93 - m. List the prime factors of d.
7
Let p be ((-410)/5 - -3) + -1. Let z be -5*(-4)/(p/(-12)). Suppose z*l = 1 + 95. List the prime factors of l.
2
Suppose 0 = -d - 5*i - 18, 4*i - i = -3. Let w(y) be the first derivative of -y**3/3 - 7*y**2 + 15*y - 1. List the prime factors of w(d).
2, 7
Suppose 0 = -0*v + 4*v - 104. Let y be (-4)/(-5)*40/16. Suppose v + 24 = y*d. What are the prime factors of d?
5
Suppose 1 + 2 = -3*h, -3*h = 2*v - 1. Let i(t) = 1 - t**2 - 5 + v - 5*t - 8*t. What are the prime factors of i(-9)?
2, 17
Let y(p) = p**3 + 6*p**2 - 8*p + 2. Let d be y(-7). Suppose -2*b = -8, 8*b = -5*w + 4*b - d. Let c(a) = -4*a - 11. List the prime factors of c(w).
3
Suppose 0 = -5*o + 3*a + 3563 + 685, 3392 = 4*o - 4*a. List the prime factors of o.
2, 3, 71
Suppose -4 = o - 11. Suppose o*b - 120 - 6 = 0. What are the prime factors of b?
2, 3
Suppose 0 = -4*a + 1306 - 110. Suppose 5*w - 129 - 168 = b, 5*w - 2*b = a. What are the prime factors of w?
59
Let z(s) = -2*s**3 + 23*s**2 - 12*s + 3. Let b be z(11). Suppose 0 = 2*p + g + 3, 0 = 5*p - 4*g - 11 - 1. Let y = p - b. What are the prime factors of y?
2
Suppose 5*h = -0*h + 4*x - 16, 20 = 5*x. Let m be 0 + (h - 0 - -2). What are the prime factors of m*(140/(-8))/(-5)?
7
Let t be 15*(1 - (-4)/(-20)). Suppose 5*z - t = -z. Suppose -69 = k - z*k. What are the prime factors of k?
3, 23
Suppose 39 + 11 = -5*c - 5*o, -3*o - 6 = -c. Let a(v) = v**2 + 3*v + 14. List the prime factors of a(c).
2
Let d = 1144 + -414. List the prime factors of d.
2, 5, 73
Let s = -58 - -58. Suppose s*f = 11*f - 1595. What are the prime factors of f?
5, 29
Let h(c) = -589*c + 1. List the prime factors of h(-2).
3, 131
Let l(u) = u**3 - u**2 - u + 3. Let r be l(0). Suppose -g + 20 = r*g. Suppose -j + v = -29, 0 = -j + 2*j + g*v + 1. What are the prime factors of j?
2, 3
Suppose q + 6 = 5*d, d - 4*q + 7*q - 14 = 0. Let s = 277 - 124. Suppose d*v - s = -v. List the prime factors of v.
3, 17
Suppose -3*q - 13 = -i, -3*i = -i - q - 11. Let c be ((-6)/(-9))/(i/18). Suppose 2*v + c*p - 108 = -v, -p + 5 = 0. What are the prime factors of v?
31
Suppose -4*n + 3*v + 1088 = 0, -4*v + 272 = 2*n - n. Suppose 2*u + n = 912. List the prime factors of u.
2, 5
Suppose 4*z - 11 = 1, -2*c + 4*z = -538. What are the prime factors of c?
5, 11
Let k = -1036 - -2367. What are the prime factors of k?
11
Suppose 0 = -8*m + 1552 + 4592. What are the prime factors of m?
2, 3
Suppose 4*b - 1795 = -5*i, -13*i + 16*i + 3 = 0. List the prime factors of b.
2, 3, 5
Let z = -56 + 111. Let j be 1/(-2) + z/(-10). Let w(n) = n**2 - n - 8. What are the prime factors of w(j)?
2, 17
Let c be (-34)/51*(-102)/4. List the prime factors of (-2)/c - 3166/(-34).
3, 31
Let m = 14 + -5. Let j be ((-18)/(-15))/(9/30). Suppose j*z + 120 = 4*c, 3*c + m*z - 82 = 4*z. List the prime factors of c.
29
Let r(o) = -o - 1. Let i be r(3). Let m be (i/3)/((-2)/6). Suppose -w + 5*u + 47 = 0, w + m*u = 6*w - 172. List the prime factors of w.
2
Let z be (2 - 11/1) + -1. Let q(n) be the first derivative of n**4/4 + 4*n**3 + 15*n**2/2 + 3*n - 21. What are the prime factors of q(z)?
53
Let x(b) be the second derivative of b**4/4 - 8*b**3/3 - 9*b**2/2 + 11*b. What are the prime factors of x(7)?
2, 13
What are the prime factors of 862 + 3 + 0 + -2?
863
Let z(i) = 8*i - 22. Let h(j) = 3*j - 7. Let w(t) = 11*h(t) - 4*z(t). Let o be w(-6). Suppose -o*q = -16 - 39. What are the prime factors of q?
11
Let v(a) = 842*a**2 + 2*a - 3. List the prime factors of v(1).
29
Suppose 5*k = u - 4*u + 39, 4*k - 39 = -3*u. Let o = u - -93. What are the prime factors of o?
2, 53
Let j = 214 + -138. Suppose 52 = 4*f - j. Suppose 98 = 5*x + 4*a, x + 4*a - f = -x. What are the prime factors of x?
2, 11
Suppose g + 3*m - 14 = -3*g, -4*g - 2*m = -12. What are the prime factors of (2 + 34)/3 + (0 - g)?
2, 5
Let i(m) = -909*m + 383. What are the prime factors of i(-6)?
13, 449
Suppose -4*p = n - 1, n - 2*p + 3 = -4*p. Let j(h) = -1. Let b(t) = t**2 + 2*t - 3. Let s(x) = b(x) + 5*j(x). What are the prime factors of s(n)?
3
Let h be 970/15 + (-2)/3. Let b = h - 21. What are the prime factors of b?
43
Let j = -32 - -35. Suppose 22 + 5 = j*b + 2*x, -x = -b + 4. What are the prime factors of b?
7
Suppose -5*a = -2*w + 1061, a + 4*a + 1599 = 3*w. What are the prime factors of w?
2, 269
Let b(y) = -3*y - 4. Let r be b(-2). Suppose -16 = -2*t - r*t. Suppose 3*q = -t*n + 6*q + 142, -5*n = 5*q - 195. List the prime factors of n.
37
Suppose 1057 = 2*t + 3*l, -5*t + 5*l + 1469 = -1236. List the prime factors of t.
2, 67
Let m(d) = 32*d**2 + d + 1. Let w(l) be the second derivative of -l**3/6 + 6*l**2 + 2*l. Let j be w(13). What are the prime factors of m(j)?
2
Let h(z) = 2*z**2 - 10*z + 7. Let r be h(6). List the prime factors of (r/(-3))/((-5)/135).